{"id":182,"date":"2017-01-15T16:57:27","date_gmt":"2017-01-15T16:57:27","guid":{"rendered":"https:\/\/www.tenisdemesa.patsport.com\/?page_id=182"},"modified":"2017-10-30T16:50:29","modified_gmt":"2017-10-30T16:50:29","slug":"porque-a-patacho","status":"publish","type":"page","link":"https:\/\/www.tenisdemesa.patsport.com\/?page_id=182","title":{"rendered":"Porque a Patacho?"},"content":{"rendered":"<div class=\"category-description std\">Porque comprar e confiar na Patacho?<\/div>\n<p>A PATACHO \u2013 T\u00e9nis de Mesa \u00e9 uma Organiza\u00e7\u00e3o dedicada \u00e0 comercializa\u00e7\u00e3o de produtos para a pr\u00e1tica do T\u00e9nis de Mesa, associada a um servi\u00e7o de atendimento ao cliente de elevada efici\u00eancia. Enunciamos aqui algumas das raz\u00f5es, que esperamos possam contribuir para decidir consultar-nos e passar a utilizar os nossos servi\u00e7os.<\/p>\n<p><b>Servi\u00e7o<\/b><br \/>\nEstamos no Mercado h\u00e1 30 anos. A nossa carteira de clientes n\u00e3o tem parado de crescer. Atribu\u00edmos o nosso sucesso ao servi\u00e7o de qualidade que procuramos prestar.<\/p>\n<p><b>Selec\u00e7\u00e3o<\/b><br \/>\nProcuramos seleccionar os artigos mais adequados aos diferentes tipos de jogo. Comercializamos as principais marcas, de inquestion\u00e1vel qualidade e reconhecidas pela ITTF \u2013 Federa\u00e7\u00e3o Internacional de T\u00e9nis de Mesa .<\/p>\n<p><b>Integridade<\/b><br \/>\nPrivilegiamos a qualidade do servi\u00e7o, \u00e0 frente do crescimento a qualquer custo. Decidimos sempre a favor dos clientes e dos seus interesses procurando atingir elevados padr\u00f5es de qualidade.<\/p>\n<p><b>Parceria consigo!<\/b><br \/>\nAs opini\u00f5es e coment\u00e1rios dos nossos clientes, quer de natureza t\u00e9cnica ou relacionados com a nossa organiza\u00e7\u00e3o e servi\u00e7o s\u00e3o sempre bem vindos. Acreditamos que o di\u00e1logo que mantemos com os nossos clientes constituiu sempre uma importante mais valia para o T\u00e9nis de Mesa, seus praticantes e tamb\u00e9m para a PATACHO.<\/p>\n<p>N\u00e3o hesite em contactar-nos em qualquer circunst\u00e2ncia. Dessa forma ajudar-nos-\u00e1 a servi-lo melhor.<\/p>\n","protected":false},"excerpt":{"rendered":"<p>Porque comprar e confiar na Patacho? A PATACHO \u2013 T\u00e9nis de Mesa \u00e9 uma Organiza\u00e7\u00e3o dedicada \u00e0 comercializa\u00e7\u00e3o de produtos para a pr\u00e1tica do T\u00e9nis de Mesa, associada a um servi\u00e7o de atendimento ao cliente de elevada efici\u00eancia. Enunciamos aqui algumas das raz\u00f5es, que esperamos possam contribuir para decidir consultar-nos e passar a utilizar os [&hellip;]<\/p>\n","protected":false},"author":1,"featured_media":0,"parent":0,"menu_order":0,"comment_status":"closed","ping_status":"closed","template":"","meta":{"footnotes":""},"class_list":["post-182","page","type-page","status-publish","hentry"],"jetpack_sharing_enabled":true,"_links":{"self":[{"href":"https:\/\/www.tenisdemesa.patsport.com\/index.php?rest_route=\/wp\/v2\/pages\/182","targetHints":{"allow":["GET"]}}],"collection":[{"href":"https:\/\/www.tenisdemesa.patsport.com\/index.php?rest_route=\/wp\/v2\/pages"}],"about":[{"href":"https:\/\/www.tenisdemesa.patsport.com\/index.php?rest_route=\/wp\/v2\/types\/page"}],"author":[{"embeddable":true,"href":"https:\/\/www.tenisdemesa.patsport.com\/index.php?rest_route=\/wp\/v2\/users\/1"}],"replies":[{"embeddable":true,"href":"https:\/\/www.tenisdemesa.patsport.com\/index.php?rest_route=%2Fwp%2Fv2%2Fcomments&post=182"}],"version-history":[{"count":0,"href":"https:\/\/www.tenisdemesa.patsport.com\/index.php?rest_route=\/wp\/v2\/pages\/182\/revisions"}],"wp:attachment":[{"href":"https:\/\/www.tenisdemesa.patsport.com\/index.php?rest_route=%2Fwp%2Fv2%2Fmedia&parent=182"}],"curies":[{"name":"wp","href":"https:\/\/api.w.org\/{rel}","templated":true}]}}